se -68 = -15*z - v*z. Let o(j) = 4*j - j**2 - 1 + 2 + 4. Give o(z).
5
Suppose -41*f + 21 = -40*f. Suppose 97 = f*v - 50. Let c(o) = o**3 - 7*o**2 + 3. Determine c(v).
3
Suppose -55 + 706 = 93*q. Let r(y) = -11*y + 23. Calculate r(q).
-54
Let b(c) = 218 - 176 + 234 + 46*c + 296 + 74. Calculate b(-14).
2
Let v(z) = -7*z + 4. Let n(y) = -6*y + 5. Let x be 17/((-561)/(-6)) + 57/(-11). Let l(m) = x*v(m) + 6*n(m). What is l(11)?
-1
Let y(j) = j**2 + 5*j + 4. Let f be (7/14)/(5/510). Suppose -7*v = -9 + f. Give y(v).
10
Let x(r) = -r**2 + 5*r - 2. Let y(a) = -81*a + 11. Let c(l) = l**3 - 4*l**2 - 3*l - 11. Let h be c(5). Let t be y(h). Let j = t + -87. What is x(j)?
-2
Let y(m) = -61*m**2 + 223*m**2 - 150*m**2 + 14*m + 22 + m**3. Give y(-11).
-11
Let c = 679 - 1357/2. Let j(k) be the first derivative of -10 - 2*k - c*k**2. What is j(-2)?
0
Let u(k) = -40*k - 111. Let j be u(-3). Suppose -5*q - 1 = j. Let b(p) = 4*p**3 + 2*p**2 - 2*p - 2. Calculate b(q).
-22
Let x(m) be the third derivative of 1/3*m**4 + 5/3*m**3 + 0*m + 1/60*m**5 + 17*m**2 + 2. What is x(-6)?
-2
Let t(r) = 14*r**3 - 7*r**2 + 4. Let k(a) = -3*a**3 + 1. Let f = -441 - -440. Let i(j) = f*t(j) - 5*k(j). Give i(-7).
-9
Let i(t) = 6*t - 13. Let j be (243/(-18) + 12)*112/(-12). Determine i(j).
71
Let o(r) = 379*r + 5 + r**2 - 754*r + 378*r. What is o(-7)?
33
Let l(j) = j**3 + 2*j**2 - 2*j - 1. Let m = -291 + 293. Let n(f) = 9*f - 20. Let p be n(m). Give l(p).
3
Let w(f) be the third derivative of f**6/120 - f**5/60 - 7*f**4/24 - 5*f**3/3 + 5*f**2 - 95*f - 1. Determine w(-3).
-25
Let q(s) = 26*s - 206. Let u(p) = 4*p + 1. Let k(b) = q(b) - 10*u(b). Give k(-15).
-6
Let b be (-3 - 1 - -1)*1/(-1). Let m(j) be the second derivative of -j**4/12 + j**3/6 + 7*j**2/2 - 156*j - 3. Calculate m(b).
1
Let j(p) be the first derivative of p**4/4 + p**3/3 - 8*p**2 + 27*p + 23. What is j(-5)?
7
Suppose -4*i - 70 = -194. Suppose 14*l + i = 101. Suppose z + 3*p = -z, 0 = 5*z + l*p - 5. Let m(b) = -4*b + 3. What is m(z)?
-9
Suppose 49*f - 18 = 48*f. Let p be 44808/f + 4/6. Let k(c) = 2491*c**2 - 2 - p*c**2 - 5*c + 2. What is k(6)?
6
Let s(p) be the first derivative of -p**3/3 + 3*p**2/2 + 22*p - 3509. What is s(4)?
18
Let s(d) = -2*d**2 - d + 6*d**2 - 10*d**2 - 12*d**2. Suppose 0 = 12*j - 2 - 10. What is s(j)?
-19
Let r(w) = 6*w - 2*w + w**2 - 2*w - 5*w + 2. Let b be 14/(-4) - (-20094)/2364. Calculate r(b).
12
Let y(o) be the third derivative of o**6/144 - 17*o**5/120 + 7*o**4/8 - 159*o**2. Let l(p) be the second derivative of y(p). Give l(4).
3
Let x(a) = -4*a - 12. Let v be x(-2). Let r be (v/(-5) - -4) + 4/(-5). Let p(w) = w**2 - 4*w - 2. What is p(r)?
-2
Let t(p) = -10*p + 21. Let h be t(2). Let z(g) = 1 + 11*g**2 + 3*g - g - 5*g + g. What is z(h)?
10
Let h be 142*(-44)/11*(-2 - -3). Let a = h - -566. Let m(c) = 13*c - 2. Determine m(a).
-28
Let o = -124 - -138. Suppose 23 = -o*v - 5. Let c(w) = w - 1. Calculate c(v).
-3
Suppose 1043*n + 252 = 526*n + 531*n. Let k(l) = -2*l**3 + 36*l**2 - 4*l + 41. Determine k(n).
-31
Let k(x) be the first derivative of -x**4/6 - 3*x**3/2 - x**2 + 83*x + 8. Let r(a) be the first derivative of k(a). What is r(-6)?
-20
Let v(p) be the first derivative of p**4/12 + p**3 - p**2 - 19*p + 71. Let h(l) be the first derivative of v(l). What is h(-5)?
-7
Let x(i) be the first derivative of -1/2*i**2 + 2*i + 40. Determine x(5).
-3
Let n(y) be the first derivative of -y**3/3 - 11*y**2 + 14*y - 469. What is n(-22)?
14
Let t be ((-72)/(-10))/3 + 2/(-5). Suppose f = 4*u - 12, 2*f - 6 = -t*u + f. Let n(q) = -6*q**2 + 3*q**2 - 7*q**u - q + 20*q**3 + q**2. Give n(-1).
-14
Let a(i) = -2*i - 35. Let x be a(-20). Let k(q) = -8*q - 5*q**2 + x*q**2 - 3 + 5 + q**2. Suppose -5*o + 39 = 9. What is k(o)?
-10
Let s be 25/3 + (-10)/(-6). Let d(j) = s + 15 + 5*j - 8*j**2 - 28 + j**3 + 11. Calculate d(7).
-6
Suppose 2*c = 611 + 207. Let q(i) = 1 + 1 - 1 - c*i + 402*i. Give q(1).
-6
Let s(i) = i + 37. Let r(q) = 4*q + 112. Let y(m) = 3*r(m) - 10*s(m). Let o be y(18). Let k(l) = 7*l**o + 8*l - 2*l - 4 - 1 + l - l**3. Calculate k(8).
-13
Suppose 239 = 2*a + 249. Let s(k) = -7*k - 3. What is s(a)?
32
Suppose -252 = 37*i + 5*i. Let o(d) be the second derivative of -d**4/8 + 7*d**3/6 + 10*d**2 - 4*d. Let q(u) be the first derivative of o(u). Calculate q(i).
25
Suppose 4*y = 5 + 11. Let c = -26 - -22. Let u = c - y. Let g(w) = -2*w - 8. Calculate g(u).
8
Let h(k) be the first derivative of k**4/4 + 16*k**3/3 + k**2/2 - 199*k - 10861. Determine h(-15).
11
Let r(p) = -21*p + 1. Let j(l) be the first derivative of l**2/2 - 12*l - 3. Let d(z) = -6*z**2 + 86*z - 17. Let m be d(14). Let t be j(m). Give r(t).
22
Let b(v) = 19*v - 19*v + 1 - v**2 - 4*v**2. Suppose 3*n - 2 = -s, 69*n = 3*s + 71*n + 1. Determine b(s).
-4
Let l(z) = 4*z - 25. Suppose -3*s + 167*k + 18 = 164*k, 0 = s - 3*k - 6. Calculate l(s).
-1
Let s = 23 - 28. Let z(f) = -20*f + 102. Let x be z(5). Let v(o) = 2 + o**3 - 136*o**2 - 2*o + 141*o**x + o. Determine v(s).
7
Let c(b) = 35*b**2 - 139*b + 6. Suppose 2*g - 18 = -2*z, -2*z + 5*z - 17 = -g. Give c(z).
10
Let h(r) = 14 + 0*r**3 - 466*r**2 - 470*r**2 + 939*r**2 + r**3. Determine h(-4).
-2
Let w(d) = d + 3 + 4*d + 4437*d**2 - 4436*d**2. Calculate w(-5).
3
Let v(n) be the second derivative of n**4/12 - n**3/2 + 5*n**2 + 83*n - 5. What is v(6)?
28
Let l(i) = 8638*i + i**2 - 17304*i - 51 + 8650*i. What is l(19)?
6
Suppose -4*q + a = 2*a - 9, q = 5*a + 18. Let u(i) = 2*i - 4*i**3 - 48234*i**2 + 3*i**3 + 48240*i**2 + 1. What is u(q)?
34
Let p(k) = 2*k - 5. Let l be ((-34)/(-2))/(36/180). Suppose -88*f + l*f + 18 = 0. Give p(f).
7
Let q(x) be the first derivative of -x**3/3 + 21*x**2/2 + 23*x - 1854. Give q(20).
43
Suppose -61*t + z + 5 = -63*t, 0 = t - 3*z - 15. Let q(f) = 3*f**2 - f + 2. Let i(o) = -4*o**2 + o - 3. Let v(m) = 4*i(m) + 5*q(m). Calculate v(t).
-2
Let h(t) be the third derivative of -5*t**4/8 + 121*t**3/6 + 2731*t**2. Determine h(6).
31
Let x(z) be the second derivative of -z**5/20 - z**4/4 + z**3 + z**2/2 + 3*z + 308. Suppose 7 = -5*j - 13. Calculate x(j).
-7
Let d(t) be the first derivative of 21*t**2 + 12*t + 12249. What is d(-2)?
-72
Let i(x) be the second derivative of -3*x - 1/2*x**2 + 20 - x**3. Give i(2).
-13
Let k(o) = -4*o. Let l(r) = -5*r. Let h(v) = -6*k(v) + 5*l(v). Suppose 12*m - 6310 = -2026. Let p = -362 + m. What is h(p)?
5
Suppose 17 + 21 = 19*i. Let n(k) = -12*k**i - 4*k + 13*k**2 - 2 + 5 - 2*k. Calculate n(4).
-5
Let w(b) = -2*b + 2 - b + 6*b + 7*b. Let z(c) = c**2 - 4*c + 4. Let r be z(4). Let l be (-6)/r + -2 - 12/(-8). What is w(l)?
-18
Let q = 4020 - 4053. Let r(u) = -7*u - 218. What is r(q)?
13
Let o be (-18 - 1)*(-4)/(-8) - 2/(-4). Let g(h) = 8*h + 55. Determine g(o).
-17
Let b(c) = -44*c - 284. Let u(s) = -11*s - 63. Let q(d) = -2*b(d) + 9*u(d). Calculate q(-4).
45
Suppose 0*y = -2*o - y - 9, -o - 3*y - 12 = 0. Let d be -4 + (6/o - -4). Let u be 2 - (0 + -3 - d). Let z(i) = -i**2 + 5*i - 4. Calculate z(u).
2
Suppose t = 2 - 46. Let l = t - -47. Suppose 9 - 15 = l*a. Let c(b) = -4*b - 2. Calculate c(a).
6
Suppose -143*a + 16*a + 635 = 0. Let g(q) = -15*q - 1. What is g(a)?
-76
Let l(z) = 5*z**2 + z - 5. Let c(i) = 11*i**2 + i - 9. Let y = -12 + 21. Let g(v) = y*l(v) - 4*c(v). Suppose 4*a + 31 = -5*b, 3*a = -b - 2 - 2. Calculate g(b).
5
Let t(b) be the first derivative of b + 12 + 1/2*b**2. Determine t(-4).
-3
Let d(s) = s**3 - 3*s**2 - 3*s - 3. Let q(b) = 10 - 4*b**2 + 0*b + b - 9. Let u be q(2). Let c = u - -11. Determine d(c).
-17
Suppose 5*i + 2*t - 47 = 0, 0 = -i + 4*t + 3 + 2. Suppose 3*g + 10 = -z, -g - 4 - 8 = -4*z. Let v(x) = 8*x + x**3 - 10*x**z + 2 + 1 - 6 + 2*x. What is v(i)?
6
Let p(z) = -10*z**3 - 7*z**2 + 21*z - 34. Let u(l) = 27*l**3 + 22*l**2 - 59*l + 102. Let c(s) = -8*p(s) - 3*u(s). Calculate c(-11).
-12
Suppose 0 = -5*y - 4*g - 177 + 215, -4*y + g = -1. Let w(b) be the first derivative of -3*b + 0*b**y - 32 + 1/3*b**3. Calculate w(3).
6
Let r(y) = -y + 2. Let i(o) = 3*o**2 + 86*o + 115. Let m(b) = -i(b) - 3*r(b). What is m(-26)?
9
Let b(l) = l**3 - 4*l**2 + 2*l + 4. Let c = -588 + 592. Give b(c).
12
Let r(t) = 29*t**3 - 48*t**2 - 29*t - 191. Let n(u) = -5*u**3 + 8*u**2 + 5*u + 32. Let c(w) = -17*n(w) - 3*r(w). Determine c(5).
-11
Let u(c) b